 - 8. Suppose -m - 5 - 2 = -5*d, -4*d = 3*m - 17. Let r be k(d). List the prime factors of (142/r)/(6/18).
71
Let d(n) = n**2 + 2*n - 26. Let p be d(0). Let c = -52 - -112. Let v = c + p. What are the prime factors of v?
2, 17
Let b(l) = 292*l**2 + l + 7. Let v(u) = 293*u**2 + 6. Let i(o) = -4*b(o) + 5*v(o). What are the prime factors of i(1)?
5, 59
Let j = -69601 + 102403. What are the prime factors of j?
2, 3, 7, 11, 71
Suppose -v = -0*v + 2*v. Suppose v = -3*p - o + 2*o + 1507, -5*o + 10 = 0. What are the prime factors of p?
503
List the prime factors of (-40387 + -127)/(3/(-1) - -2).
2, 47, 431
Let n be 82*(-4 - -2)/4. Suppose 0 = -4*i + 348 - 44. Let p = i + n. List the prime factors of p.
5, 7
List the prime factors of (-10 + 30828/(-8))*-2.
7727
Let c(l) = 5*l - 2. Let b be c(5). Let h be (-3 + b)*(-8)/(-10). Let n(g) = -g**2 + 24*g - 12. List the prime factors of n(h).
2, 29
Suppose n - 73973 = 10*y - 14*y, 2*y = -6*n + 36970. What are the prime factors of y?
2, 7, 1321
Suppose -3*j = -l - 540 + 3375, -l + 4*j + 2830 = 0. What are the prime factors of l?
2, 3, 5, 19
Suppose 4*x - 620 = 88. Let j = x + -112. Let d = j - 41. List the prime factors of d.
2, 3
What are the prime factors of (-167)/2*(2116/(-7) + 20/70)?
151, 167
Suppose -122467 = -5*d + 3593. What are the prime factors of d?
2, 3, 11, 191
Let q = 489 + -484. Suppose q*l = g + 7613 - 197, 2*l = -4*g + 2962. What are the prime factors of l?
1483
Let x = -21089 - -44104. What are the prime factors of x?
5, 4603
Let l(c) be the first derivative of 6*c + c**3 + 1 + 0 - c**2 - 3*c**2 + 4*c. List the prime factors of l(6).
2, 5, 7
Let w = 8 + -5. Let b(g) = 2*g**3 - 5*g**2 + 2*g + 6. Let h be b(w). Suppose 3*j = 261 + h. List the prime factors of j.
2, 47
Let h(c) = -142*c + 53. Let l be h(-40). Suppose 10*f - l = -3*f. What are the prime factors of f?
3, 7
Let m(b) = -b**3 - 12*b**2 + 14*b + 13. Let r be m(-13). Suppose 2*c - 5*h = -377, c = -r*c + 2*h - 189. Let u = c + 395. What are the prime factors of u?
2, 3, 17
Suppose 0 = f - 29 + 27. Suppose -4*a + 14 = 5*v - 10, -v - f*a = -6. What are the prime factors of (-12)/v*(-155)/15?
31
Let y(l) = -736*l**3 - 5*l**2 - 3*l - 5. Let w(h) = 1103*h**3 + 7*h**2 + 4*h + 7. Let o(p) = -5*w(p) - 7*y(p). List the prime factors of o(-1).
2, 181
Let f be 13/(65/1450) - -2. Suppose 0 = -2*r + 1440 - f. What are the prime factors of r?
2, 7, 41
Let i(h) = -11*h**3 - 9*h**2 + 24*h + 27. List the prime factors of i(-9).
3, 263
Let o(c) = 35*c**2 + 4*c + 2. Suppose -3*g = 5*g + 8. Let j be g/(-2)*4/(-2). List the prime factors of o(j).
3, 11
Let o(n) = -n**2 + 5*n + 9. Let l be o(6). Suppose h = l*h - 190. What are the prime factors of h?
5, 19
Let i = -4804 + 16315. What are the prime factors of i?
3, 1279
Let a(h) be the first derivative of -h**4/4 + 7*h**3/3 - 3*h**2 + 3*h + 22. Let m be a(6). Suppose 71 + 91 = m*y. List the prime factors of y.
2, 3
Suppose 5*f = 10*f - 490. Let z be 108/26 - ((-66)/39)/(-11). Suppose 2*n + 8*d - f = z*d, 4*n - 178 = d. What are the prime factors of n?
3, 5
Let w be 4 + 16158/(-54) + (-2)/(-9). Let y = w + 102. Let h = y - -374. What are the prime factors of h?
181
Suppose -25*u + 35 = 10. Let o(g) = 202*g**2 + 5*g - 6. What are the prime factors of o(u)?
3, 67
Suppose 123*t - 1948019 = -146*t + 1699621. What are the prime factors of t?
2, 3, 5, 113
Let l(d) be the second derivative of d**4/4 - 5*d**3/3 + 43*d**2/2 - 3*d + 8. List the prime factors of l(11).
2, 37
Let b = 62624 - 43090. What are the prime factors of b?
2, 9767
Let s = 95 - 35. Suppose s = m - 5*m. Let j(t) = 2*t**2 + 21*t - 23. List the prime factors of j(m).
2, 7
Let f(j) = 16*j**3 - 68*j**2 - 185*j - 375. Let n(q) = -3*q**3 + 14*q**2 + 37*q + 75. Let h(p) = 2*f(p) + 11*n(p). What are the prime factors of h(20)?
3, 5
Suppose 6269 = 5*h + 2*k - 1944, -7*h - 5*k = -11485. What are the prime factors of h?
5, 7, 47
Let c = 45 + -41. Let v(w) = -w**3 + 3*w**2 + 5*w - 6. Let b be v(c). What are the prime factors of -1*(0 - b) - (-16 + 4)?
2, 5
Suppose 2*p + 236 = 44. Suppose 5*n - 87 + 95 = 3*l, -3*n = 2*l + 20. What are the prime factors of -2 + (n - (-1 + p))?
7, 13
Suppose 4*l + 3*t = 27240, -12*t + 6827 = l - 7*t. What are the prime factors of l?
3, 2269
List the prime factors of ((-52)/78)/((-4)/(-1) - 1923174/480789).
17807
Let l be ((-6)/4 + 0)/((-24)/448). Let q = l - 23. Suppose d - 798 = -q*d. List the prime factors of d.
7, 19
Let o = -39 - -31. Let a be (-42)/(7/(-12) - o/32). List the prime factors of a/8 + 3/(-4).
3, 5
Let q(l) = 0*l**2 - 1 + l**3 + 12*l**2 + 15*l**2 - 17*l**2. Let t be q(-10). List the prime factors of (4 - (t - 0))/((-11)/(-330)).
2, 3, 5
Let i = 27995 - -31418. Suppose -i = -40*d - 19013. List the prime factors of d.
2, 5, 101
Suppose 8*t + 232 = 7*t. Let k = 242 + t. What are the prime factors of k?
2, 5
Suppose -v + 5*t = -68655, 0 = -v + 2*t + 88218 - 19569. List the prime factors of v.
5, 13729
Suppose 0 = n - 5*n. Suppose n = -p + x + 6, -3*p + 0*p + 4*x + 22 = 0. What are the prime factors of (-8355)/(-45) - p/3?
5, 37
Suppose 16*f - 27698 = 1567 + 16095. List the prime factors of f.
3, 5, 7
List the prime factors of (-172278)/(-22) - -7*34/1309.
41, 191
Suppose 2*c + b - 25 = 0, 0 = -3*c - c + b + 41. Suppose -1939 + 8363 = c*t. What are the prime factors of t?
2, 73
Let l be 2 - -2 - 16/(-2). Let d be l/(-21) - (2092/14 + -3). Let j = d - -211. List the prime factors of j.
2
Let h(n) = 12*n**3 + 20*n**2 - 9*n - 1. What are the prime factors of h(16)?
113, 479
Let r be ((-330)/(-12))/(1/84). Suppose -10*k - k = -r. Suppose t = 2*b - k, -b + 5*t + 99 = 3*t. List the prime factors of b.
107
Let t be (4*(-6)/(-28))/(128/4480). Suppose -13*r = -t*r + 442. What are the prime factors of r?
2, 13
Suppose 0 = 2*i - 9 - 9. Let p = 0 - i. List the prime factors of p/(-7)*(-14)/4*-36.
2, 3
Let v(f) be the second derivative of -5*f**3/2 - 12*f**2 - 21*f + 1. List the prime factors of v(-19).
3, 29
Suppose 109*u - 108*u - 3256 = 0. Suppose 10508 = 12*b - u. What are the prime factors of b?
31, 37
Suppose -5*i - 2*x = -807, -83 = 2*i - 5*x - 400. Suppose -2*k + 702 = q - i, k - 4360 = -5*q. List the prime factors of q.
3, 97
Let s(a) = a**3 + 4*a**2 - 4*a + 5646. List the prime factors of s(0).
2, 3, 941
Suppose 475 = p - 6*p. Let z = p - -79. List the prime factors of (18/(-12))/(3/z).
2
Let u(a) = -a - 11. Let y be u(-7). Let k be 1/y - (5010/24)/5. Let v = k + 54. List the prime factors of v.
2, 3
Suppose -5*v - 3786 = -3*j, v = 3*v + 6. Suppose -j = -5*u - 2*d, -3*d + 599 + 408 = 4*u. Suppose 0 = 3*w - u - 103. List the prime factors of w.
2, 59
Suppose 5*x - x = -20. Let w = -4234 - -4227. What are the prime factors of w/((-35)/807) + 2/x?
7, 23
Let x be -100*((17 + -1)/4)/(-5). Let h = x - 80. Suppose -q - 1 = h, 3*m - 226 - 97 = -4*q. List the prime factors of m.
109
Suppose -114*m + 60*m - 105952 = -61*m. What are the prime factors of m?
2, 11, 43
What are the prime factors of 123770/4 + 2/13 + 72/208?
11, 29, 97
Let s(a) = -4*a + 232. Let q be s(-9). Suppose u - 2*i - q = 0, i - 1 = 3. List the prime factors of u.
2, 3, 23
Let q(v) = -v**2 + 20*v + 13. Suppose 6*x - 7*x = -18. Let g be q(x). What are the prime factors of 4/7 + 5803/g?
7, 17
Let f = -420 - -422. Suppose 5223 = 3*r - 3*z, -f*r = r + 3*z - 5247. List the prime factors of r.
5, 349
Let p = -90 + 92. Let b(m) = 1 + 2*m**2 + 110*m - 3*m**p - 123*m. What are the prime factors of b(-8)?
41
Suppose -99347 = -33*t + 158855 + 19559. List the prime factors of t.
19, 443
Suppose 0 = -5739*a + 5701*a + 193306. What are the prime factors of a?
5087
Let g be (16/14)/(34/119). Suppose g*f - 195 = 473. List the prime factors of f - -3 - 1 - -1.
2, 5, 17
List the prime factors of (10 - 520/60)*64950/8.
5, 433
Suppose -43*y + 179806 = 78*y. List the prime factors of y.
2, 743
Let j(r) = 4709*r - 13792. List the prime factors of j(13).
5, 7, 271
Suppose -3996937 - 7353050 = -481*n + 12966006. What are the prime factors of n?
3, 41, 137
Let a(i) = 6*i**3 + 3*i**2 + 19*i - 47. List the prime factors of a(8).
3, 1123
Let f(a) = 5*a + 27. Let q(i) = -11*i - 54. Let n(r) = -13*f(r) - 6*q(r). Let y be n(-10). Let u = y + 165. What are the prime factors of u?
2
Suppos